{"id":454,"date":"2020-06-05T02:09:05","date_gmt":"2020-06-05T05:09:05","guid":{"rendered":"http:\/\/www.portadafrente.pt\/selection\/?page_id=454"},"modified":"2020-06-05T02:11:16","modified_gmt":"2020-06-05T05:11:16","slug":"gracias","status":"publish","type":"page","link":"https:\/\/portadafrente.pt\/selection\/portugal-uno-de-los-mejores-paises-para-vivir\/gracias\/","title":{"rendered":"Gracias por su contacto!"},"content":{"rendered":"<p>[et_pb_section fb_built=&#8221;1&#8243; _builder_version=&#8221;4.4.6&#8243; background_image=&#8221;http:\/\/portadafrente.pt\/selection\/wp-content\/uploads\/2020\/05\/bg-portugal.jpg&#8221; background_size=&#8221;contain&#8221; background_repeat=&#8221;repeat-y&#8221; custom_padding=&#8221;0px||40px||false|false&#8221; background_last_edited=&#8221;on|desktop&#8221; background_enable_image_tablet=&#8221;off&#8221; parallax_tablet=&#8221;off&#8221;][et_pb_row _builder_version=&#8221;4.4.6&#8243; custom_padding=&#8221;0px||0px|||&#8221;][et_pb_column type=&#8221;4_4&#8243; _builder_version=&#8221;4.4.6&#8243;][et_pb_image src=&#8221;http:\/\/portadafrente.pt\/selection\/wp-content\/uploads\/2020\/05\/bordeaux.jpg&#8221; title_text=&#8221;bordeaux&#8221; url=&#8221;https:\/\/www.portadafrente.com\/&#8221; align=&#8221;center&#8221; align_tablet=&#8221;center&#8221; align_phone=&#8221;&#8221; align_last_edited=&#8221;on|desktop&#8221; _builder_version=&#8221;4.4.6&#8243; max_width=&#8221;200px&#8221; max_width_tablet=&#8221;150px&#8221; max_width_phone=&#8221;&#8221; max_width_last_edited=&#8221;on|desktop&#8221; custom_margin=&#8221;||50px||false|false&#8221; custom_margin_last_edited=&#8221;off|tablet&#8221; animation_style=&#8221;fade&#8221; animation_duration=&#8221;500ms&#8221; module_alignment_last_edited=&#8221;off|desktop&#8221;][\/et_pb_image][et_pb_text _builder_version=&#8221;4.4.6&#8243; header_text_align=&#8221;center&#8221; header_text_color=&#8221;#000000&#8243; header_font_size=&#8221;36px&#8221; header_line_height=&#8221;1.4em&#8221; custom_margin=&#8221;20px||20px||false|false&#8221; animation_style=&#8221;bounce&#8221; animation_direction=&#8221;bottom&#8221; hover_enabled=&#8221;0&#8243;]<\/p>\n<h1 class=\"mb-5 text-secondary text-center\"><span style=\"color: #660024;\"><strong>Gracias<\/strong><\/span> por su contacto<\/h1>\n<p>[\/et_pb_text][et_pb_text _builder_version=&#8221;4.4.6&#8243; text_text_color=&#8221;#000000&#8243; text_font_size=&#8221;16px&#8221; text_line_height=&#8221;1.8em&#8221; header_text_align=&#8221;center&#8221; header_text_color=&#8221;#000000&#8243; header_font_size=&#8221;36px&#8221; header_line_height=&#8221;1.4em&#8221; text_orientation=&#8221;center&#8221; custom_margin=&#8221;20px||20px||false|false&#8221; animation_style=&#8221;bounce&#8221; animation_direction=&#8221;bottom&#8221; hover_enabled=&#8221;0&#8243;]<\/p>\n<p>Agradecemos su inter\u00e9s. \u00a1Pronto lo contactaremos para nuestro equipo de consultores!<\/p>\n<p>[\/et_pb_text][\/et_pb_column][\/et_pb_row][et_pb_row column_structure=&#8221;1_5,1_5,1_5,1_5,1_5&#8243; _builder_version=&#8221;4.4.6&#8243; custom_padding=&#8221;30px||30px||false|false&#8221; animation_style=&#8221;fade&#8221; locked=&#8221;off&#8221;][et_pb_column type=&#8221;1_5&#8243; _builder_version=&#8221;4.4.6&#8243;][et_pb_text _builder_version=&#8221;4.4.6&#8243; text_text_color=&#8221;#000000&#8243; text_orientation=&#8221;center&#8221;]<i class=\"fas fa-road icons-home\"><\/i><br \/>\n<P><span>F\u00e1cil acceso entre pa\u00edses a trav\u00e9s de autopistas de alta calidad y conexiones.<\/span><\/p>\n<p>[\/et_pb_text][\/et_pb_column][et_pb_column type=&#8221;1_5&#8243; _builder_version=&#8221;4.4.6&#8243;][et_pb_text _builder_version=&#8221;4.4.6&#8243; text_text_color=&#8221;#000000&#8243; text_orientation=&#8221;center&#8221;]<i class=\"fas fa-hospital icons-home\"><\/i><\/p>\n<p><span>Eficiente sistema de salud p\u00fablica disponible para todos, con un sistema pol\u00edtico unido.<\/span>[\/et_pb_text][\/et_pb_column][et_pb_column type=&#8221;1_5&#8243; _builder_version=&#8221;4.4.6&#8243;][et_pb_text _builder_version=&#8221;4.4.6&#8243; text_text_color=&#8221;#000000&#8243; text_orientation=&#8221;center&#8221;]<i class=\"fas fa-hand-holding-usd icons-home\"><\/i><\/p>\n<p><span>Ideal para aquellos que buscan calidad, y a uno de los m\u00e1s bajos costos de vida de Europa.<\/span><\/p>\n<p>[\/et_pb_text][\/et_pb_column][et_pb_column type=&#8221;1_5&#8243; _builder_version=&#8221;4.4.6&#8243;][et_pb_text _builder_version=&#8221;4.4.6&#8243; text_text_color=&#8221;#000000&#8243; text_letter_spacing=&#8221;-1px&#8221; text_orientation=&#8221;center&#8221;]<i class=\"fas fa-wine-glass-alt icons-home\"><\/i><\/p>\n<p><span>Para aquellos que quieren disfrutar algunos de los mejores vinos de la Pen\u00ednsula Ib\u00e9rica y una cocina rica.<\/span><\/p>\n<p>[\/et_pb_text][\/et_pb_column][et_pb_column type=&#8221;1_5&#8243; _builder_version=&#8221;4.4.6&#8243;][et_pb_text _builder_version=&#8221;4.4.6&#8243; text_text_color=&#8221;#000000&#8243; text_orientation=&#8221;center&#8221; text_letter_spacing_tablet=&#8221;0px&#8221; text_letter_spacing_phone=&#8221;&#8221; text_letter_spacing_last_edited=&#8221;on|desktop&#8221;]<i class=\"fas fa-rocket icons-home\"><\/i><\/p>\n<p><span>Ideal para invertir: Start-Ups, tecnolog\u00eda, y Residentes No Habituales para Inmobiliario.<\/span><\/p>\n<p>[\/et_pb_text][\/et_pb_column][\/et_pb_row][\/et_pb_section][et_pb_section fb_built=&#8221;1&#8243; _builder_version=&#8221;4.4.6&#8243; background_color=&#8221;#660724&#8243; custom_padding=&#8221;0px||0px|||&#8221;][et_pb_row column_structure=&#8221;1_4,3_4&#8243; make_equal=&#8221;on&#8221; _builder_version=&#8221;4.4.6&#8243; animation_style=&#8221;fade&#8221; animation_direction=&#8221;left&#8221;][et_pb_column type=&#8221;1_4&#8243; _builder_version=&#8221;4.4.6&#8243;][et_pb_image src=&#8221;http:\/\/portadafrente.pt\/selection\/wp-content\/uploads\/2020\/05\/Ativo-2.png&#8221; title_text=&#8221;Ativo 2&#8243; url=&#8221;https:\/\/www.portadafrente.com&#8221; url_new_window=&#8221;on&#8221; align=&#8221;center&#8221; _builder_version=&#8221;4.4.6&#8243; max_width=&#8221;80%&#8221; max_width_tablet=&#8221;200px&#8221; max_width_phone=&#8221;&#8221; max_width_last_edited=&#8221;on|desktop&#8221; custom_margin=&#8221;||22px|||&#8221;][\/et_pb_image][et_pb_code _builder_version=&#8221;4.4.6&#8243;]<\/p>\n<ul class=\"list-inline\"><!-- [et_pb_line_break_holder] -->                  <\/p>\n<li class=\"list-inline-item\"><a href=\"http:\/\/www.facebook.com\/portadafrente\" target=\"_blank\" class=\"text-white\" rel=\"noopener noreferrer\"><i class=\"fab fa-2x fa-facebook\"><\/i><\/a><\/li>\n<p><!-- [et_pb_line_break_holder] -->                  <\/p>\n<li class=\"list-inline-item\"><a href=\"https:\/\/www.instagram.com\/portadafrentechristies\/\" target=\"_blank\" class=\"text-white\" rel=\"noopener noreferrer\"><i class=\"fab fa-2x fa-instagram\"><\/i><\/a><\/li>\n<p><!-- [et_pb_line_break_holder] -->                  <\/p>\n<li class=\"list-inline-item\"><a href=\"https:\/\/www.linkedin.com\/company\/porta-da-frente-christie%27s\/\" target=\"_blank\" class=\"text-white\" rel=\"noopener noreferrer\"><i class=\"fab fa-2x fa-linkedin\"><\/i><\/a><\/li>\n<p><!-- [et_pb_line_break_holder] -->                  <\/p>\n<li class=\"list-inline-item\"><a href=\"https:\/\/www.youtube.com\/channel\/UCyxni2x557JaDk-b8XXpctA\/\" target=\"_blank\" class=\"text-white\" rel=\"noopener noreferrer\"><i class=\"fab fa-2x fa-youtube\"><\/i><\/a><\/li>\n<p><!-- [et_pb_line_break_holder] -->                <\/ul>\n<p>[\/et_pb_code][\/et_pb_column][et_pb_column type=&#8221;3_4&#8243; _builder_version=&#8221;4.4.6&#8243;][et_pb_text module_class=&#8221;text-footer&#8221; _builder_version=&#8221;4.4.6&#8243; text_text_color=&#8221;#ffffff&#8221; text_font_size=&#8221;16px&#8221; hover_enabled=&#8221;0&#8243; text_font_size_tablet=&#8221;13px&#8221; text_font_size_phone=&#8221;&#8221; text_font_size_last_edited=&#8221;on|tablet&#8221; text_orientation_tablet=&#8221;center&#8221; text_orientation_phone=&#8221;&#8221; text_orientation_last_edited=&#8221;on|phone&#8221;]<\/p>\n<p><strong>Porta da Frente Christie\u00b4s<\/strong> es una firma inmobiliaria trabajando en el mercado hace 2 d\u00e9cadas, focaliz\u00e1ndose en los mejores inmuebles y desarrollos inmobiliarios, ya sea para venta o alquiler. La\u00a0 empresa fue elegida por la prestigiosa marca Christie\u00b4s International Real Estate para representarlos en Portugal en las zonas de Lisboa, Cascais, Oeiras y Alentejo. La misi\u00f3n principal de <strong>Porta da Frente Christie\u00b4s<\/strong> es privilegiar un servicio de excelencia a todos sus clientes.<\/p>\n<p>[\/et_pb_text][\/et_pb_column][\/et_pb_row][\/et_pb_section]<\/p>\n","protected":false},"excerpt":{"rendered":"<p>Gracias por su contacto Agradecemos su inter\u00e9s. \u00a1Pronto lo contactaremos para nuestro equipo de consultores! F\u00e1cil acceso entre pa\u00edses a trav\u00e9s de autopistas de alta calidad y conexiones. Eficiente sistema de salud p\u00fablica disponible para todos, con un sistema pol\u00edtico unido. Ideal para aquellos que buscan calidad, y a uno de los m\u00e1s bajos costos [&hellip;]<\/p>\n","protected":false},"author":1,"featured_media":0,"parent":442,"menu_order":0,"comment_status":"closed","ping_status":"closed","template":"","meta":{"_et_pb_use_builder":"on","_et_pb_old_content":"","_et_gb_content_width":""},"_links":{"self":[{"href":"https:\/\/portadafrente.pt\/selection\/wp-json\/wp\/v2\/pages\/454"}],"collection":[{"href":"https:\/\/portadafrente.pt\/selection\/wp-json\/wp\/v2\/pages"}],"about":[{"href":"https:\/\/portadafrente.pt\/selection\/wp-json\/wp\/v2\/types\/page"}],"author":[{"embeddable":true,"href":"https:\/\/portadafrente.pt\/selection\/wp-json\/wp\/v2\/users\/1"}],"replies":[{"embeddable":true,"href":"https:\/\/portadafrente.pt\/selection\/wp-json\/wp\/v2\/comments?post=454"}],"version-history":[{"count":2,"href":"https:\/\/portadafrente.pt\/selection\/wp-json\/wp\/v2\/pages\/454\/revisions"}],"predecessor-version":[{"id":458,"href":"https:\/\/portadafrente.pt\/selection\/wp-json\/wp\/v2\/pages\/454\/revisions\/458"}],"up":[{"embeddable":true,"href":"https:\/\/portadafrente.pt\/selection\/wp-json\/wp\/v2\/pages\/442"}],"wp:attachment":[{"href":"https:\/\/portadafrente.pt\/selection\/wp-json\/wp\/v2\/media?parent=454"}],"curies":[{"name":"wp","href":"https:\/\/api.w.org\/{rel}","templated":true}]}}

<p>[et_pb_section fb_built=&#8221;1&#8243; _builder_version=&#8221;4.4.6&#8243; background_image=&#8221;http://portadafrente.pt/selection/wp-content/uploads/2020/05/bg-portugal.jpg&#8221; background_size=&#8221;contain&#8221; background_repeat=&#8221;repeat-y&#8221; custom_padding=&#8221;0px||40px||false|false&#8221; background_last_edited=&#8221;on|desktop&#8221; background_enable_image_tablet=&#8221;off&#8221; parallax_tablet=&#8221;off&#8221;][et_pb_row _builder_version=&#8221;4.4.6&#8243; custom_padding=&#8221;0px||0px|||&#8221;][et_pb_column type=&#8221;4_4&#8243; _builder_version=&#8221;4.4.6&#8243;][et_pb_image src=&#8221;http://portadafrente.pt/selection/wp-content/uploads/2020/05/bordeaux.jpg&#8221; title_text=&#8221;bordeaux&#8221; url=&#8221;https://www.portadafrente.com/&#8221; align=&#8221;center&#8221; align_tablet=&#8221;center&#8221; align_phone=&#8221;&#8221; align_last_edited=&#8221;on|desktop&#8221; _builder_version=&#8221;4.4.6&#8243; max_width=&#8221;200px&#8221; max_width_tablet=&#8221;150px&#8221; max_width_phone=&#8221;&#8221; max_width_last_edited=&#8221;on|desktop&#8221; custom_margin=&#8221;||50px||false|false&#8221; custom_margin_last_edited=&#8221;off|tablet&#8221; animation_style=&#8221;fade&#8221; animation_duration=&#8221;500ms&#8221; module_alignment_last_edited=&#8221;off|desktop&#8221;][/et_pb_image][et_pb_text _builder_version=&#8221;4.4.6&#8243; header_text_align=&#8221;center&#8221; header_text_color=&#8221;#000000&#8243; header_font_size=&#8221;36px&#8221; header_line_height=&#8221;1.4em&#8221; custom_margin=&#8221;20px||20px||false|false&#8221; animation_style=&#8221;bounce&#8221; animation_direction=&#8221;bottom&#8221; hover_enabled=&#8221;0&#8243;]</p>
<h1 class="mb-5 text-secondary text-center"><span style="color: #660024;"><strong>Gracias</strong></span> por su contacto</h1>
<p>[/et_pb_text][et_pb_text _builder_version=&#8221;4.4.6&#8243; text_text_color=&#8221;#000000&#8243; text_font_size=&#8221;16px&#8221; text_line_height=&#8221;1.8em&#8221; header_text_align=&#8221;center&#8221; header_text_color=&#8221;#000000&#8243; header_font_size=&#8221;36px&#8221; header_line_height=&#8221;1.4em&#8221; text_orientation=&#8221;center&#8221; custom_margin=&#8221;20px||20px||false|false&#8221; animation_style=&#8221;bounce&#8221; animation_direction=&#8221;bottom&#8221; hover_enabled=&#8221;0&#8243;]</p>
<p>Agradecemos su interés. ¡Pronto lo contactaremos para nuestro equipo de consultores!</p>
<p>[/et_pb_text][/et_pb_column][/et_pb_row][et_pb_row column_structure=&#8221;1_5,1_5,1_5,1_5,1_5&#8243; _builder_version=&#8221;4.4.6&#8243; custom_padding=&#8221;30px||30px||false|false&#8221; animation_style=&#8221;fade&#8221; locked=&#8221;off&#8221;][et_pb_column type=&#8221;1_5&#8243; _builder_version=&#8221;4.4.6&#8243;][et_pb_text _builder_version=&#8221;4.4.6&#8243; text_text_color=&#8221;#000000&#8243; text_orientation=&#8221;center&#8221;]<i class="fas fa-road icons-home"></i><br />
<P><span>Fácil acceso entre países a través de autopistas de alta calidad y conexiones.</span></p>
<p>[/et_pb_text][/et_pb_column][et_pb_column type=&#8221;1_5&#8243; _builder_version=&#8221;4.4.6&#8243;][et_pb_text _builder_version=&#8221;4.4.6&#8243; text_text_color=&#8221;#000000&#8243; text_orientation=&#8221;center&#8221;]<i class="fas fa-hospital icons-home"></i></p>
<p><span>Eficiente sistema de salud pública disponible para todos, con un sistema político unido.</span>[/et_pb_text][/et_pb_column][et_pb_column type=&#8221;1_5&#8243; _builder_version=&#8221;4.4.6&#8243;][et_pb_text _builder_version=&#8221;4.4.6&#8243; text_text_color=&#8221;#000000&#8243; text_orientation=&#8221;center&#8221;]<i class="fas fa-hand-holding-usd icons-home"></i></p>
<p><span>Ideal para aquellos que buscan calidad, y a uno de los más bajos costos de vida de Europa.</span></p>
<p>[/et_pb_text][/et_pb_column][et_pb_column type=&#8221;1_5&#8243; _builder_version=&#8221;4.4.6&#8243;][et_pb_text _builder_version=&#8221;4.4.6&#8243; text_text_color=&#8221;#000000&#8243; text_letter_spacing=&#8221;-1px&#8221; text_orientation=&#8221;center&#8221;]<i class="fas fa-wine-glass-alt icons-home"></i></p>
<p><span>Para aquellos que quieren disfrutar algunos de los mejores vinos de la Península Ibérica y una cocina rica.</span></p>
<p>[/et_pb_text][/et_pb_column][et_pb_column type=&#8221;1_5&#8243; _builder_version=&#8221;4.4.6&#8243;][et_pb_text _builder_version=&#8221;4.4.6&#8243; text_text_color=&#8221;#000000&#8243; text_orientation=&#8221;center&#8221; text_letter_spacing_tablet=&#8221;0px&#8221; text_letter_spacing_phone=&#8221;&#8221; text_letter_spacing_last_edited=&#8221;on|desktop&#8221;]<i class="fas fa-rocket icons-home"></i></p>
<p><span>Ideal para invertir: Start-Ups, tecnología, y Residentes No Habituales para Inmobiliario.</span></p>
<p>[/et_pb_text][/et_pb_column][/et_pb_row][/et_pb_section][et_pb_section fb_built=&#8221;1&#8243; _builder_version=&#8221;4.4.6&#8243; background_color=&#8221;#660724&#8243; custom_padding=&#8221;0px||0px|||&#8221;][et_pb_row column_structure=&#8221;1_4,3_4&#8243; make_equal=&#8221;on&#8221; _builder_version=&#8221;4.4.6&#8243; animation_style=&#8221;fade&#8221; animation_direction=&#8221;left&#8221;][et_pb_column type=&#8221;1_4&#8243; _builder_version=&#8221;4.4.6&#8243;][et_pb_image src=&#8221;http://portadafrente.pt/selection/wp-content/uploads/2020/05/Ativo-2.png&#8221; title_text=&#8221;Ativo 2&#8243; url=&#8221;https://www.portadafrente.com&#8221; url_new_window=&#8221;on&#8221; align=&#8221;center&#8221; _builder_version=&#8221;4.4.6&#8243; max_width=&#8221;80%&#8221; max_width_tablet=&#8221;200px&#8221; max_width_phone=&#8221;&#8221; max_width_last_edited=&#8221;on|desktop&#8221; custom_margin=&#8221;||22px|||&#8221;][/et_pb_image][et_pb_code _builder_version=&#8221;4.4.6&#8243;]</p>
<ul class="list-inline"><!-- [et_pb_line_break_holder] -->                  </p>
<li class="list-inline-item"><a href="http://www.facebook.com/portadafrente" target="_blank" class="text-white" rel="noopener noreferrer"><i class="fab fa-2x fa-facebook"></i></a></li>
<p><!-- [et_pb_line_break_holder] -->                  </p>
<li class="list-inline-item"><a href="https://www.instagram.com/portadafrentechristies/" target="_blank" class="text-white" rel="noopener noreferrer"><i class="fab fa-2x fa-instagram"></i></a></li>
<p><!-- [et_pb_line_break_holder] -->                  </p>
<li class="list-inline-item"><a href="https://www.linkedin.com/company/porta-da-frente-christie%27s/" target="_blank" class="text-white" rel="noopener noreferrer"><i class="fab fa-2x fa-linkedin"></i></a></li>
<p><!-- [et_pb_line_break_holder] -->                  </p>
<li class="list-inline-item"><a href="https://www.youtube.com/channel/UCyxni2x557JaDk-b8XXpctA/" target="_blank" class="text-white" rel="noopener noreferrer"><i class="fab fa-2x fa-youtube"></i></a></li>
<p><!-- [et_pb_line_break_holder] -->                </ul>
<p>[/et_pb_code][/et_pb_column][et_pb_column type=&#8221;3_4&#8243; _builder_version=&#8221;4.4.6&#8243;][et_pb_text module_class=&#8221;text-footer&#8221; _builder_version=&#8221;4.4.6&#8243; text_text_color=&#8221;#ffffff&#8221; text_font_size=&#8221;16px&#8221; hover_enabled=&#8221;0&#8243; text_font_size_tablet=&#8221;13px&#8221; text_font_size_phone=&#8221;&#8221; text_font_size_last_edited=&#8221;on|tablet&#8221; text_orientation_tablet=&#8221;center&#8221; text_orientation_phone=&#8221;&#8221; text_orientation_last_edited=&#8221;on|phone&#8221;]</p>
<p><strong>Porta da Frente Christie´s</strong> es una firma inmobiliaria trabajando en el mercado hace 2 décadas, focalizándose en los mejores inmuebles y desarrollos inmobiliarios, ya sea para venta o alquiler. La  empresa fue elegida por la prestigiosa marca Christie´s International Real Estate para representarlos en Portugal en las zonas de Lisboa, Cascais, Oeiras y Alentejo. La misión principal de <strong>Porta da Frente Christie´s</strong> es privilegiar un servicio de excelencia a todos sus clientes.</p>
<p>[/et_pb_text][/et_pb_column][/et_pb_row][/et_pb_section]</p>

<p>Gracias por su contacto Agradecemos su interés. ¡Pronto lo contactaremos para nuestro equipo de consultores! Fácil acceso entre países a través de autopistas de alta calidad y conexiones. Eficiente sistema de salud pública disponible para todos, con un sistema político unido. Ideal para aquellos que buscan calidad, y a uno de los más bajos costos [&hellip;]</p>
