{"id":3328,"date":"2023-05-02T07:29:43","date_gmt":"2023-05-02T10:29:43","guid":{"rendered":"https:\/\/portadafrente.pt\/selection\/?page_id=3328"},"modified":"2023-05-02T11:52:21","modified_gmt":"2023-05-02T14:52:21","slug":"inauguracao-comporta-rsvp","status":"publish","type":"page","link":"https:\/\/portadafrente.pt\/selection\/inauguracao-comporta-rsvp\/","title":{"rendered":"Inaugura\u00e7\u00e3o Comporta | RSVP"},"content":{"rendered":"<p>[et_pb_section fb_built=&#8221;1&#8243; theme_builder_area=&#8221;post_content&#8221; _builder_version=&#8221;4.17.6&#8243; _module_preset=&#8221;default&#8221; custom_padding=&#8221;0px||0px|||&#8221; background_last_edited=&#8221;on|desktop&#8221; title_text=&#8221;Inaugura\u00e7\u00e3o-COMPORTA-LandingPage&#8221; background_image=&#8221;https:\/\/portadafrente.pt\/selection\/wp-content\/uploads\/2023\/05\/comporta2.jpg&#8221; background_position=&#8221;center_left&#8221; background_size=&#8221;contain&#8221; min_height=&#8221;100vh&#8221; hover_enabled=&#8221;0&#8243; sticky_enabled=&#8221;0&#8243; background_enable_image_tablet=&#8221;off&#8221; animation_style=&#8221;fade&#8221;][et_pb_row _builder_version=&#8221;4.17.6&#8243; _module_preset=&#8221;default&#8221; column_structure=&#8221;1_2,1_2&#8243; theme_builder_area=&#8221;post_content&#8221; width=&#8221;100%&#8221; max_width=&#8221;100%&#8221; hover_enabled=&#8221;0&#8243; sticky_enabled=&#8221;0&#8243; min_height=&#8221;100vh&#8221; make_equal=&#8221;on&#8221; custom_padding=&#8221;0px||3px|||&#8221; use_custom_gutter=&#8221;on&#8221; gutter_width=&#8221;1&#8243;][et_pb_column _builder_version=&#8221;4.17.6&#8243; _module_preset=&#8221;default&#8221; type=&#8221;1_2&#8243; theme_builder_area=&#8221;post_content&#8221; title_text=&#8221;Inaugura\u00e7\u00e3o-COMPORTA-LandingPage&#8221; background_position=&#8221;center_left&#8221; hover_enabled=&#8221;0&#8243; sticky_enabled=&#8221;0&#8243; background_enable_image=&#8221;off&#8221;][et_pb_image src=&#8221;https:\/\/portadafrente.pt\/selection\/wp-content\/uploads\/2023\/05\/comporta2.jpg&#8221; _builder_version=&#8221;4.17.6&#8243; _module_preset=&#8221;default&#8221; theme_builder_area=&#8221;post_content&#8221; title_text=&#8221;Inaugura\u00e7\u00e3o-COMPORTA-LandingPage&#8221; hover_enabled=&#8221;0&#8243; sticky_enabled=&#8221;0&#8243; min_height_last_edited=&#8221;on|desktop&#8221; disabled_on=&#8221;off|off|on&#8221; module_alignment=&#8221;left&#8221; max_width_last_edited=&#8221;on|phone&#8221; max_width_tablet=&#8221;90%&#8221; custom_padding_last_edited=&#8221;on|phone&#8221; custom_padding_tablet=&#8221;||30px||false|false&#8221; animation_style=&#8221;slide&#8221; animation_direction=&#8221;left&#8221; max_width_phone=&#8221;90%&#8221; custom_padding_phone=&#8221;||30px||false|false&#8221;][\/et_pb_image][\/et_pb_column][et_pb_column _builder_version=&#8221;4.17.6&#8243; _module_preset=&#8221;default&#8221; type=&#8221;1_2&#8243; theme_builder_area=&#8221;post_content&#8221; custom_css_main_element=&#8221;align-self:center;&#8221; hover_enabled=&#8221;0&#8243; sticky_enabled=&#8221;0&#8243; custom_padding=&#8221;|5%||5%|false|false&#8221;][et_pb_text _builder_version=&#8221;4.17.6&#8243; text_text_color=&#8221;#ffffff&#8221; text_font_size=&#8221;21px&#8221; header_font=&#8221;Cairo|700|||||||&#8221; header_text_align=&#8221;center&#8221; header_text_color=&#8221;#b38b36&#8243; header_font_size=&#8221;35px&#8221; header_2_font=&#8221;Cairo|600|||||||&#8221; header_2_text_align=&#8221;center&#8221; header_2_text_color=&#8221;#000000&#8243; background_color=&#8221;RGBA(0,0,0,0)&#8221; position_origin_a=&#8221;bottom_left&#8221; width=&#8221;100%&#8221; max_width_tablet=&#8221;100%&#8221; max_width_phone=&#8221;100%&#8221; max_width_last_edited=&#8221;on|phone&#8221; custom_margin=&#8221;||20px||false|false&#8221; custom_margin_tablet=&#8221;||40px||false|false&#8221; custom_margin_phone=&#8221;||5px||false|false&#8221; custom_margin_last_edited=&#8221;on|phone&#8221; custom_padding=&#8221;||||false|false&#8221; custom_padding_tablet=&#8221;0px|0%|0px||false|false&#8221; custom_padding_phone=&#8221;0px|0%|0px||false|false&#8221; custom_padding_last_edited=&#8221;on|phone&#8221; animation_style=&#8221;fade&#8221; animation_duration=&#8221;500ms&#8221; animation_delay=&#8221;250ms&#8221; hover_enabled=&#8221;0&#8243; header_text_align_tablet=&#8221;center&#8221; header_text_align_phone=&#8221;&#8221; header_text_align_last_edited=&#8221;on|desktop&#8221; header_text_color_tablet=&#8221;#B38B36&#8243; header_text_color_phone=&#8221;#B38B36&#8243; header_text_color_last_edited=&#8221;on|phone&#8221; header_font_size_tablet=&#8221;40px&#8221; header_font_size_phone=&#8221;24px&#8221; header_font_size_last_edited=&#8221;on|phone&#8221; header_2_text_align_tablet=&#8221;center&#8221; header_2_text_align_phone=&#8221;center&#8221; header_2_text_align_last_edited=&#8221;on|phone&#8221; header_2_text_color_tablet=&#8221;#000000&#8243; header_2_text_color_phone=&#8221;#000000&#8243; header_2_text_color_last_edited=&#8221;on|tablet&#8221; header_2_font_size_tablet=&#8221;36px&#8221; header_2_font_size_phone=&#8221;20px&#8221; header_2_font_size_last_edited=&#8221;on|tablet&#8221; text_orientation_tablet=&#8221;center&#8221; text_orientation_phone=&#8221;center&#8221; text_orientation_last_edited=&#8221;on|phone&#8221; border_radii=&#8221;on|1px|1px|1px|1px&#8221; global_colors_info=&#8221;{}&#8221; sticky_enabled=&#8221;0&#8243; locked=&#8221;off&#8221; theme_builder_area=&#8221;post_content&#8221;]<\/p>\n<h1>INAUGURA\u00c7\u00c3O DA NOVA LOJA<br \/>PORTA DA FRENTE CHRISTIE\u2019S<\/h1>\n<h2>Deixe-nos a sua confirma\u00e7\u00e3o para o Cocktail de abertura, para podermos contar com a sua presen\u00e7a neste momento t\u00e3o especial.<\/h2>\n<p>[\/et_pb_text][et_pb_text _builder_version=&#8221;4.17.6&#8243; _module_preset=&#8221;default&#8221; text_text_color=&#8221;#7a7a7a&#8221; text_font_size=&#8221;16px&#8221; sticky_enabled=&#8221;0&#8243; text_font_size_tablet=&#8221;16px&#8221; text_font_size_phone=&#8221;13px&#8221; text_font_size_last_edited=&#8221;on|desktop&#8221; background_size=&#8221;contain&#8221; background_position=&#8221;center_left&#8221; custom_padding=&#8221;||||false|false&#8221; hover_enabled=&#8221;0&#8243; module_alignment=&#8221;center&#8221; locked=&#8221;off&#8221; theme_builder_area=&#8221;post_content&#8221; custom_margin=&#8221;||40px||false|false&#8221; background_enable_image=&#8221;off&#8221; text_orientation=&#8221;center&#8221;]<\/p>\n<p><i class=\"fas fa-map-marker-alt\"><\/i> R. Do Secador, Celeiro B, 1\u00ba Andar | 7580-648 | Comporta<\/p>\n<p>[\/et_pb_text][et_pb_code _builder_version=&#8221;4.17.6&#8243; hover_enabled=&#8221;0&#8243; global_colors_info=&#8221;{}&#8221; sticky_enabled=&#8221;0&#8243; locked=&#8221;off&#8221; theme_builder_area=&#8221;post_content&#8221;]<script><!-- [et_pb_line_break_holder] -->function validateForm() {<!-- [et_pb_line_break_holder] --><!-- [et_pb_line_break_holder] -->  var x = document.forms[\"FormHandler\"][\"pardot_extra_field\"].value;<!-- [et_pb_line_break_holder] -->  var y = document.forms[\"FormHandler\"][\"email\"].value;<!-- [et_pb_line_break_holder] -->  var mailformat = \/^[a-zA-Z0-9.!#$%&'*+\/=?^_`{|}~-]+@[a-zA-Z0-9-]+(?:\\.[a-zA-Z0-9-]+)*$\/;<!-- [et_pb_line_break_holder] --><!-- [et_pb_line_break_holder] -->if(y.match(mailformat))<!-- [et_pb_line_break_holder] -->{<!-- [et_pb_line_break_holder] --> if (x == \"\" || x == null) {<!-- [et_pb_line_break_holder] -->    return true;<!-- [et_pb_line_break_holder] -->  }<!-- [et_pb_line_break_holder] -->  else {<!-- [et_pb_line_break_holder] -->  \talert(\"SPAM DETECTED\");<!-- [et_pb_line_break_holder] -->  \treturn false;<!-- [et_pb_line_break_holder] -->  }<!-- [et_pb_line_break_holder] -->}<!-- [et_pb_line_break_holder] -->else<!-- [et_pb_line_break_holder] -->{<!-- [et_pb_line_break_holder] -->alert(\"E-mail inv\u00e1lido\");<!-- [et_pb_line_break_holder] -->return false;<!-- [et_pb_line_break_holder] -->}<!-- [et_pb_line_break_holder] -->}<!-- [et_pb_line_break_holder] --><\/script><!-- [et_pb_line_break_holder] --><!-- [et_pb_line_break_holder] --><\/p>\n<form id=\"Form_zone\" name=\"FormHandler\" action=\"https:\/\/go.portadafrente.com\/l\/597781\/2023-05-02\/2cw98cx\" method=\"post\" onsubmit=\"return validateForm()\" style=\"width:80%; margin-left:10%;\"><!-- [et_pb_line_break_holder] --><\/p>\n<fieldset><!-- [et_pb_line_break_holder] --><!-- [et_pb_line_break_holder] --><!-- Text input--><!-- [et_pb_line_break_holder] --><\/p>\n<div class=\"form-group\"><!-- [et_pb_line_break_holder] -->  <input id=\"\" name=\"name\" type=\"text\" placeholder=\"Nome\" class=\"form-control\" required=\"\"><!-- [et_pb_line_break_holder] --><\/div>\n<p><!-- [et_pb_line_break_holder] --><!-- [et_pb_line_break_holder] --><!-- Text input--><!-- [et_pb_line_break_holder] --><\/p>\n<div class=\"form-group\">  <!-- [et_pb_line_break_holder] -->  <input id=\"\" name=\"email\" type=\"text\" placeholder=\"E-mail\" class=\"form-control\" required=\"\"><!-- [et_pb_line_break_holder] --><\/div>\n<p><!-- [et_pb_line_break_holder] -->  <!-- [et_pb_line_break_holder] --><!-- Text input--><!-- [et_pb_line_break_holder] --><\/p>\n<div class=\"form-group\"><!-- [et_pb_line_break_holder] -->  <input id=\"\" name=\"phone\" type=\"text\" placeholder=\"Telefone\" class=\"form-control\" required=\"\"><!-- [et_pb_line_break_holder] --><\/div>\n<p><!-- [et_pb_line_break_holder] -->  <!-- [et_pb_line_break_holder] -->  <!-- Text input--><!-- [et_pb_line_break_holder] --><\/p>\n<div class=\"form-group\"><!-- [et_pb_line_break_holder] -->  <select class=\"form-control\" id=\"comporta\" name=\"comporta\" style=\"-webkit-appearance:none; border:1px solid #ccc;\" required><!-- [et_pb_line_break_holder] --><option value=\"\">Considera passar o fim de semana na Comporta?<\/option><!-- [et_pb_line_break_holder] --><option value=\"Sim, quero passar o fim de semana na Comporta\">Sim<\/option><!-- [et_pb_line_break_holder] --><option value=\"N\u00e3o, n\u00e3o vou passar o fim de semana na Comporta\">N\u00e3o<\/option><!-- [et_pb_line_break_holder] -->  <\/select><!-- [et_pb_line_break_holder] --><\/div>\n<p> <!-- [et_pb_line_break_holder] -->  <!-- [et_pb_line_break_holder] -->  <\/p>\n<div style=\"position:absolute; left:-9999px; top: -9999px;\"><!-- [et_pb_line_break_holder] --><input type=\"text\" id=\"\" name=\"pardot_extra_field\"><!-- [et_pb_line_break_holder] -->\r\n<input type=\"hidden\" value=\"\" class=\"utm_source\" name=\"utm_source\" \/>\r\n<input type=\"hidden\" value=\"\" class=\"utm_campaign\" name=\"utm_campaign\" \/>\r\n<input type=\"hidden\" value=\"\" class=\"utm_medium\" name=\"utm_medium\" \/>\r\n<input type=\"hidden\" value=\"\" class=\"utm_content\" name=\"utm_content\" \/>\r\n<input type=\"hidden\" value=\"\" class=\"utm_term\" name=\"utm_term\" \/>\r\n<input type=\"hidden\" value=\"\" class=\"gclid\" name=\"gclid\" \/><!-- [et_pb_line_break_holder] --><\/div>\n<p><!-- [et_pb_line_break_holder] --><!-- [et_pb_line_break_holder] --><!-- Button --><!-- [et_pb_line_break_holder] --><\/p>\n<div class=\"form-group\"><!-- [et_pb_line_break_holder] -->  <button id=\"btn-submit-form\" name=\"submit\" type=\"submit\" class=\"btn-ebook\">CONFIRMAR<\/button><!-- [et_pb_line_break_holder] --><\/div>\n<p><!-- [et_pb_line_break_holder] --><!-- [et_pb_line_break_holder] --><\/fieldset>\n<p><!-- [et_pb_line_break_holder] --><\/form>\n<p>[\/et_pb_code][et_pb_image src=&#8221;https:\/\/portadafrente.pt\/selection\/wp-content\/uploads\/2023\/05\/logoss.png&#8221; _builder_version=&#8221;4.17.6&#8243; _module_preset=&#8221;default&#8221; theme_builder_area=&#8221;post_content&#8221; title_text=&#8221;logoss&#8221; hover_enabled=&#8221;0&#8243; sticky_enabled=&#8221;0&#8243; align=&#8221;center&#8221; max_width=&#8221;280px&#8221; custom_padding_last_edited=&#8221;on|desktop&#8221; custom_padding_tablet=&#8221;||40px||false|false&#8221; custom_margin=&#8221;50px||||false|false&#8221; custom_padding_phone=&#8221;||40px||false|false&#8221;][\/et_pb_image][\/et_pb_column][\/et_pb_row][\/et_pb_section]<\/p>\n","protected":false},"excerpt":{"rendered":"<p>INAUGURA\u00c7\u00c3O DA NOVA LOJAPORTA DA FRENTE CHRISTIE\u2019S Deixe-nos a sua confirma\u00e7\u00e3o para o Cocktail de abertura, para podermos contar com a sua presen\u00e7a neste momento t\u00e3o especial. R. Do Secador, Celeiro B, 1\u00ba Andar | 7580-648 | Comporta Considera passar o fim de semana na Comporta? Sim N\u00e3o \r\n<input type=\"hidden\" value=\"\" class=\"utm_source\" name=\"utm_source\" \/>\r\n<input type=\"hidden\" value=\"\" class=\"utm_campaign\" name=\"utm_campaign\" \/>\r\n<input type=\"hidden\" value=\"\" class=\"utm_medium\" name=\"utm_medium\" \/>\r\n<input type=\"hidden\" value=\"\" class=\"utm_content\" name=\"utm_content\" \/>\r\n<input type=\"hidden\" value=\"\" class=\"utm_term\" name=\"utm_term\" \/>\r\n<input type=\"hidden\" value=\"\" class=\"gclid\" name=\"gclid\" \/> CONFIRMAR<\/p>\n","protected":false},"author":1,"featured_media":0,"parent":0,"menu_order":0,"comment_status":"closed","ping_status":"closed","template":"","meta":{"_et_pb_use_builder":"on","_et_pb_old_content":"","_et_gb_content_width":""},"_links":{"self":[{"href":"https:\/\/portadafrente.pt\/selection\/wp-json\/wp\/v2\/pages\/3328"}],"collection":[{"href":"https:\/\/portadafrente.pt\/selection\/wp-json\/wp\/v2\/pages"}],"about":[{"href":"https:\/\/portadafrente.pt\/selection\/wp-json\/wp\/v2\/types\/page"}],"author":[{"embeddable":true,"href":"https:\/\/portadafrente.pt\/selection\/wp-json\/wp\/v2\/users\/1"}],"replies":[{"embeddable":true,"href":"https:\/\/portadafrente.pt\/selection\/wp-json\/wp\/v2\/comments?post=3328"}],"version-history":[{"count":21,"href":"https:\/\/portadafrente.pt\/selection\/wp-json\/wp\/v2\/pages\/3328\/revisions"}],"predecessor-version":[{"id":3362,"href":"https:\/\/portadafrente.pt\/selection\/wp-json\/wp\/v2\/pages\/3328\/revisions\/3362"}],"wp:attachment":[{"href":"https:\/\/portadafrente.pt\/selection\/wp-json\/wp\/v2\/media?parent=3328"}],"curies":[{"name":"wp","href":"https:\/\/api.w.org\/{rel}","templated":true}]}}

Inauguração Comporta | RSVP

<p>[et_pb_section fb_built=&#8221;1&#8243; theme_builder_area=&#8221;post_content&#8221; _builder_version=&#8221;4.17.6&#8243; _module_preset=&#8221;default&#8221; custom_padding=&#8221;0px||0px|||&#8221; background_last_edited=&#8221;on|desktop&#8221; title_text=&#8221;Inauguração-COMPORTA-LandingPage&#8221; background_image=&#8221;https://portadafrente.pt/selection/wp-content/uploads/2023/05/comporta2.jpg&#8221; background_position=&#8221;center_left&#8221; background_size=&#8221;contain&#8221; min_height=&#8221;100vh&#8221; hover_enabled=&#8221;0&#8243; sticky_enabled=&#8221;0&#8243; background_enable_image_tablet=&#8221;off&#8221; animation_style=&#8221;fade&#8221;][et_pb_row _builder_version=&#8221;4.17.6&#8243; _module_preset=&#8221;default&#8221; column_structure=&#8221;1_2,1_2&#8243; theme_builder_area=&#8221;post_content&#8221; width=&#8221;100%&#8221; max_width=&#8221;100%&#8221; hover_enabled=&#8221;0&#8243; sticky_enabled=&#8221;0&#8243; min_height=&#8221;100vh&#8221; make_equal=&#8221;on&#8221; custom_padding=&#8221;0px||3px|||&#8221; use_custom_gutter=&#8221;on&#8221; gutter_width=&#8221;1&#8243;][et_pb_column _builder_version=&#8221;4.17.6&#8243; _module_preset=&#8221;default&#8221; type=&#8221;1_2&#8243; theme_builder_area=&#8221;post_content&#8221; title_text=&#8221;Inauguração-COMPORTA-LandingPage&#8221; background_position=&#8221;center_left&#8221; hover_enabled=&#8221;0&#8243; sticky_enabled=&#8221;0&#8243; background_enable_image=&#8221;off&#8221;][et_pb_image src=&#8221;https://portadafrente.pt/selection/wp-content/uploads/2023/05/comporta2.jpg&#8221; _builder_version=&#8221;4.17.6&#8243; _module_preset=&#8221;default&#8221; theme_builder_area=&#8221;post_content&#8221; title_text=&#8221;Inauguração-COMPORTA-LandingPage&#8221; hover_enabled=&#8221;0&#8243; sticky_enabled=&#8221;0&#8243; min_height_last_edited=&#8221;on|desktop&#8221; disabled_on=&#8221;off|off|on&#8221; module_alignment=&#8221;left&#8221; max_width_last_edited=&#8221;on|phone&#8221; max_width_tablet=&#8221;90%&#8221; custom_padding_last_edited=&#8221;on|phone&#8221; custom_padding_tablet=&#8221;||30px||false|false&#8221; animation_style=&#8221;slide&#8221; animation_direction=&#8221;left&#8221; max_width_phone=&#8221;90%&#8221; custom_padding_phone=&#8221;||30px||false|false&#8221;][/et_pb_image][/et_pb_column][et_pb_column _builder_version=&#8221;4.17.6&#8243; _module_preset=&#8221;default&#8221; type=&#8221;1_2&#8243; theme_builder_area=&#8221;post_content&#8221; custom_css_main_element=&#8221;align-self:center;&#8221; hover_enabled=&#8221;0&#8243; sticky_enabled=&#8221;0&#8243; custom_padding=&#8221;|5%||5%|false|false&#8221;][et_pb_text _builder_version=&#8221;4.17.6&#8243; text_text_color=&#8221;#ffffff&#8221; text_font_size=&#8221;21px&#8221; header_font=&#8221;Cairo|700|||||||&#8221; header_text_align=&#8221;center&#8221; header_text_color=&#8221;#b38b36&#8243; header_font_size=&#8221;35px&#8221; header_2_font=&#8221;Cairo|600|||||||&#8221; header_2_text_align=&#8221;center&#8221; header_2_text_color=&#8221;#000000&#8243; background_color=&#8221;RGBA(0,0,0,0)&#8221; position_origin_a=&#8221;bottom_left&#8221; width=&#8221;100%&#8221; max_width_tablet=&#8221;100%&#8221; max_width_phone=&#8221;100%&#8221; max_width_last_edited=&#8221;on|phone&#8221; custom_margin=&#8221;||20px||false|false&#8221; custom_margin_tablet=&#8221;||40px||false|false&#8221; custom_margin_phone=&#8221;||5px||false|false&#8221; custom_margin_last_edited=&#8221;on|phone&#8221; custom_padding=&#8221;||||false|false&#8221; custom_padding_tablet=&#8221;0px|0%|0px||false|false&#8221; custom_padding_phone=&#8221;0px|0%|0px||false|false&#8221; custom_padding_last_edited=&#8221;on|phone&#8221; animation_style=&#8221;fade&#8221; animation_duration=&#8221;500ms&#8221; animation_delay=&#8221;250ms&#8221; hover_enabled=&#8221;0&#8243; header_text_align_tablet=&#8221;center&#8221; header_text_align_phone=&#8221;&#8221; header_text_align_last_edited=&#8221;on|desktop&#8221; header_text_color_tablet=&#8221;#B38B36&#8243; header_text_color_phone=&#8221;#B38B36&#8243; header_text_color_last_edited=&#8221;on|phone&#8221; header_font_size_tablet=&#8221;40px&#8221; header_font_size_phone=&#8221;24px&#8221; header_font_size_last_edited=&#8221;on|phone&#8221; header_2_text_align_tablet=&#8221;center&#8221; header_2_text_align_phone=&#8221;center&#8221; header_2_text_align_last_edited=&#8221;on|phone&#8221; header_2_text_color_tablet=&#8221;#000000&#8243; header_2_text_color_phone=&#8221;#000000&#8243; header_2_text_color_last_edited=&#8221;on|tablet&#8221; header_2_font_size_tablet=&#8221;36px&#8221; header_2_font_size_phone=&#8221;20px&#8221; header_2_font_size_last_edited=&#8221;on|tablet&#8221; text_orientation_tablet=&#8221;center&#8221; text_orientation_phone=&#8221;center&#8221; text_orientation_last_edited=&#8221;on|phone&#8221; border_radii=&#8221;on|1px|1px|1px|1px&#8221; global_colors_info=&#8221;{}&#8221; sticky_enabled=&#8221;0&#8243; locked=&#8221;off&#8221; theme_builder_area=&#8221;post_content&#8221;]</p>
<h1>INAUGURAÇÃO DA NOVA LOJA<br />PORTA DA FRENTE CHRISTIE’S</h1>
<h2>Deixe-nos a sua confirmação para o Cocktail de abertura, para podermos contar com a sua presença neste momento tão especial.</h2>
<p>[/et_pb_text][et_pb_text _builder_version=&#8221;4.17.6&#8243; _module_preset=&#8221;default&#8221; text_text_color=&#8221;#7a7a7a&#8221; text_font_size=&#8221;16px&#8221; sticky_enabled=&#8221;0&#8243; text_font_size_tablet=&#8221;16px&#8221; text_font_size_phone=&#8221;13px&#8221; text_font_size_last_edited=&#8221;on|desktop&#8221; background_size=&#8221;contain&#8221; background_position=&#8221;center_left&#8221; custom_padding=&#8221;||||false|false&#8221; hover_enabled=&#8221;0&#8243; module_alignment=&#8221;center&#8221; locked=&#8221;off&#8221; theme_builder_area=&#8221;post_content&#8221; custom_margin=&#8221;||40px||false|false&#8221; background_enable_image=&#8221;off&#8221; text_orientation=&#8221;center&#8221;]</p>
<p><i class="fas fa-map-marker-alt"></i> R. Do Secador, Celeiro B, 1º Andar | 7580-648 | Comporta</p>
<p>[/et_pb_text][et_pb_code _builder_version=&#8221;4.17.6&#8243; hover_enabled=&#8221;0&#8243; global_colors_info=&#8221;{}&#8221; sticky_enabled=&#8221;0&#8243; locked=&#8221;off&#8221; theme_builder_area=&#8221;post_content&#8221;]<script><!-- [et_pb_line_break_holder] -->function validateForm() {<!-- [et_pb_line_break_holder] --><!-- [et_pb_line_break_holder] -->  var x = document.forms["FormHandler"]["pardot_extra_field"].value;<!-- [et_pb_line_break_holder] -->  var y = document.forms["FormHandler"]["email"].value;<!-- [et_pb_line_break_holder] -->  var mailformat = /^[a-zA-Z0-9.!#$%&'*+/=?^_`{|}~-]+@[a-zA-Z0-9-]+(?:\.[a-zA-Z0-9-]+)*$/;<!-- [et_pb_line_break_holder] --><!-- [et_pb_line_break_holder] -->if(y.match(mailformat))<!-- [et_pb_line_break_holder] -->{<!-- [et_pb_line_break_holder] --> if (x == "" || x == null) {<!-- [et_pb_line_break_holder] -->    return true;<!-- [et_pb_line_break_holder] -->  }<!-- [et_pb_line_break_holder] -->  else {<!-- [et_pb_line_break_holder] -->  	alert("SPAM DETECTED");<!-- [et_pb_line_break_holder] -->  	return false;<!-- [et_pb_line_break_holder] -->  }<!-- [et_pb_line_break_holder] -->}<!-- [et_pb_line_break_holder] -->else<!-- [et_pb_line_break_holder] -->{<!-- [et_pb_line_break_holder] -->alert("E-mail inválido");<!-- [et_pb_line_break_holder] -->return false;<!-- [et_pb_line_break_holder] -->}<!-- [et_pb_line_break_holder] -->}<!-- [et_pb_line_break_holder] --></script><!-- [et_pb_line_break_holder] --><!-- [et_pb_line_break_holder] --></p>
<form id="Form_zone" name="FormHandler" action="https://go.portadafrente.com/l/597781/2023-05-02/2cw98cx" method="post" onsubmit="return validateForm()" style="width:80%; margin-left:10%;"><!-- [et_pb_line_break_holder] --></p>
<fieldset><!-- [et_pb_line_break_holder] --><!-- [et_pb_line_break_holder] --><!-- Text input--><!-- [et_pb_line_break_holder] --></p>
<div class="form-group"><!-- [et_pb_line_break_holder] -->  <input id="" name="name" type="text" placeholder="Nome" class="form-control" required=""><!-- [et_pb_line_break_holder] --></div>
<p><!-- [et_pb_line_break_holder] --><!-- [et_pb_line_break_holder] --><!-- Text input--><!-- [et_pb_line_break_holder] --></p>
<div class="form-group">  <!-- [et_pb_line_break_holder] -->  <input id="" name="email" type="text" placeholder="E-mail" class="form-control" required=""><!-- [et_pb_line_break_holder] --></div>
<p><!-- [et_pb_line_break_holder] -->  <!-- [et_pb_line_break_holder] --><!-- Text input--><!-- [et_pb_line_break_holder] --></p>
<div class="form-group"><!-- [et_pb_line_break_holder] -->  <input id="" name="phone" type="text" placeholder="Telefone" class="form-control" required=""><!-- [et_pb_line_break_holder] --></div>
<p><!-- [et_pb_line_break_holder] -->  <!-- [et_pb_line_break_holder] -->  <!-- Text input--><!-- [et_pb_line_break_holder] --></p>
<div class="form-group"><!-- [et_pb_line_break_holder] -->  <select class="form-control" id="comporta" name="comporta" style="-webkit-appearance:none; border:1px solid #ccc;" required><!-- [et_pb_line_break_holder] --><option value="">Considera passar o fim de semana na Comporta?</option><!-- [et_pb_line_break_holder] --><option value="Sim, quero passar o fim de semana na Comporta">Sim</option><!-- [et_pb_line_break_holder] --><option value="Não, não vou passar o fim de semana na Comporta">Não</option><!-- [et_pb_line_break_holder] -->  </select><!-- [et_pb_line_break_holder] --></div>
<p> <!-- [et_pb_line_break_holder] -->  <!-- [et_pb_line_break_holder] -->  </p>
<div style="position:absolute; left:-9999px; top: -9999px;"><!-- [et_pb_line_break_holder] --><input type="text" id="" name="pardot_extra_field"><!-- [et_pb_line_break_holder] -->
<input type="hidden" value="" class="utm_source" name="utm_source" />
<input type="hidden" value="" class="utm_campaign" name="utm_campaign" />
<input type="hidden" value="" class="utm_medium" name="utm_medium" />
<input type="hidden" value="" class="utm_content" name="utm_content" />
<input type="hidden" value="" class="utm_term" name="utm_term" />
<input type="hidden" value="" class="gclid" name="gclid" /><!-- [et_pb_line_break_holder] --></div>
<p><!-- [et_pb_line_break_holder] --><!-- [et_pb_line_break_holder] --><!-- Button --><!-- [et_pb_line_break_holder] --></p>
<div class="form-group"><!-- [et_pb_line_break_holder] -->  <button id="btn-submit-form" name="submit" type="submit" class="btn-ebook">CONFIRMAR</button><!-- [et_pb_line_break_holder] --></div>
<p><!-- [et_pb_line_break_holder] --><!-- [et_pb_line_break_holder] --></fieldset>
<p><!-- [et_pb_line_break_holder] --></form>
<p>[/et_pb_code][et_pb_image src=&#8221;https://portadafrente.pt/selection/wp-content/uploads/2023/05/logoss.png&#8221; _builder_version=&#8221;4.17.6&#8243; _module_preset=&#8221;default&#8221; theme_builder_area=&#8221;post_content&#8221; title_text=&#8221;logoss&#8221; hover_enabled=&#8221;0&#8243; sticky_enabled=&#8221;0&#8243; align=&#8221;center&#8221; max_width=&#8221;280px&#8221; custom_padding_last_edited=&#8221;on|desktop&#8221; custom_padding_tablet=&#8221;||40px||false|false&#8221; custom_margin=&#8221;50px||||false|false&#8221; custom_padding_phone=&#8221;||40px||false|false&#8221;][/et_pb_image][/et_pb_column][/et_pb_row][/et_pb_section]</p>

<p>INAUGURAÇÃO DA NOVA LOJAPORTA DA FRENTE CHRISTIE’S Deixe-nos a sua confirmação para o Cocktail de abertura, para podermos contar com a sua presença neste momento tão especial. R. Do Secador, Celeiro B, 1º Andar | 7580-648 | Comporta Considera passar o fim de semana na Comporta? Sim Não 
<input type="hidden" value="" class="utm_source" name="utm_source" />
<input type="hidden" value="" class="utm_campaign" name="utm_campaign" />
<input type="hidden" value="" class="utm_medium" name="utm_medium" />
<input type="hidden" value="" class="utm_content" name="utm_content" />
<input type="hidden" value="" class="utm_term" name="utm_term" />
<input type="hidden" value="" class="gclid" name="gclid" /> CONFIRMAR</p>
