{"id":820,"date":"2022-04-13T12:42:52","date_gmt":"2022-04-13T12:42:52","guid":{"rendered":"https:\/\/portadafrente.pt\/procura-se-pintor-de-portas\/?page_id=820"},"modified":"2022-04-21T14:38:28","modified_gmt":"2022-04-21T14:38:28","slug":"pintores-de-porta-encontrados","status":"publish","type":"page","link":"https:\/\/portadafrente.pt\/procura-se-pintor-de-portas\/pintores-de-porta-encontrados\/","title":{"rendered":"Pintores de Porta Encontrados"},"content":{"rendered":"<p>[et_pb_section fb_built=&#8221;1&#8243; custom_padding_last_edited=&#8221;on|phone&#8221; _builder_version=&#8221;4.13.0&#8243; _module_preset=&#8221;default&#8221; custom_padding=&#8221;0px||0px|||&#8221; custom_padding_tablet=&#8221;||50px||false|false&#8221; custom_padding_phone=&#8221;||50px||false|false&#8221; animation_style=&#8221;zoom&#8221; global_colors_info=&#8221;{}&#8221;][et_pb_row column_structure=&#8221;1_2,1_2&#8243; make_equal=&#8221;on&#8221; _builder_version=&#8221;4.13.0&#8243; _module_preset=&#8221;default&#8221; custom_padding=&#8221;0px||0px|||&#8221; global_colors_info=&#8221;{}&#8221;][et_pb_column type=&#8221;1_2&#8243; _builder_version=&#8221;4.13.0&#8243; _module_preset=&#8221;default&#8221; global_colors_info=&#8221;{}&#8221;][et_pb_image src=&#8221;https:\/\/portadafrente.pt\/procura-se-pintor-de-portas\/wp-content\/uploads\/2022\/04\/porta.jpg&#8221; title_text=&#8221;porta&#8221; align=&#8221;center&#8221; _builder_version=&#8221;4.13.0&#8243; _module_preset=&#8221;default&#8221; global_colors_info=&#8221;{}&#8221;][\/et_pb_image][\/et_pb_column][et_pb_column type=&#8221;1_2&#8243; _builder_version=&#8221;4.13.0&#8243; _module_preset=&#8221;default&#8221; custom_css_main_element=&#8221;align-self:center;&#8221; global_colors_info=&#8221;{}&#8221;][et_pb_image src=&#8221;https:\/\/portadafrente.pt\/procura-se-pintor-de-portas\/wp-content\/uploads\/2022\/04\/pintores-logo.png&#8221; title_text=&#8221;pintores-logo&#8221; _builder_version=&#8221;4.13.0&#8243; _module_preset=&#8221;default&#8221; global_colors_info=&#8221;{}&#8221;][\/et_pb_image][et_pb_text _builder_version=&#8221;4.13.0&#8243; _module_preset=&#8221;default&#8221; text_font=&#8221;Montserrat||||||||&#8221; text_text_color=&#8221;#000000&#8243; text_font_size=&#8221;17px&#8221; text_orientation=&#8221;center&#8221; global_colors_info=&#8221;{}&#8221;]<\/p>\n<p><span>O concurso \u201c<\/span><b><span>25 Portas para sonhar<\/span><\/b><span>\u201d foi uma iniciativa organizada pela\u00a0<\/span><b><span>Porta da Frente Christie\u2019s<\/span><\/b><span>\u00a0em comemora\u00e7\u00e3o dos seus 25 anos, e que teve como objetivo principal dinamizar a arte e cultura da regi\u00e3o de Lisboa e promover artistas amadores de todas as idades.<\/span><\/p>\n<p><strong><span style=\"color: #620024;\">Conhe\u00e7a as portas vencedoras com os seus respetivos \u201cpintores\u201d. Clique em cada porta para ver em maior detalhe<\/span><\/strong><\/p>\n<p><i class=\"fas fa-arrow-down\" style=\"font-size: 2em; color: #620024;\"><\/i><\/p>\n<p>[\/et_pb_text][\/et_pb_column][\/et_pb_row][\/et_pb_section][et_pb_section fb_built=&#8221;1&#8243; module_id=&#8221;artistas&#8221; _builder_version=&#8221;4.13.0&#8243; _module_preset=&#8221;default&#8221; background_color=&#8221;#000000&#8243; animation_style=&#8221;fade&#8221; animation_delay=&#8221;500ms&#8221; global_colors_info=&#8221;{}&#8221;][et_pb_row column_structure=&#8221;1_5,1_5,1_5,1_5,1_5&#8243; _builder_version=&#8221;4.13.0&#8243; _module_preset=&#8221;default&#8221; custom_padding=&#8221;0px||2em||false|false&#8221; hover_enabled=&#8221;0&#8243; global_colors_info=&#8221;{}&#8221; use_custom_gutter=&#8221;on&#8221; gutter_width=&#8221;2&#8243; sticky_enabled=&#8221;0&#8243; custom_padding_last_edited=&#8221;on|desktop&#8221; custom_padding_tablet=&#8221;0px||2em||false|false&#8221; custom_padding_phone=&#8221;0px||2em||false|false&#8221;][et_pb_column type=&#8221;1_5&#8243; _builder_version=&#8221;4.13.0&#8243; _module_preset=&#8221;default&#8221; global_colors_info=&#8221;{}&#8221;][et_pb_code _builder_version=&#8221;4.13.0&#8243; _module_preset=&#8221;default&#8221; global_colors_info=&#8221;{}&#8221;]<a class=\"fancybox\" rel=\"portas\" href=\"https:\/\/portadafrente.pt\/procura-se-pintor-de-portas\/wp-content\/uploads\/2022\/04\/porta01.jpg\"><img src=\"https:\/\/portadafrente.pt\/procura-se-pintor-de-portas\/wp-content\/uploads\/2022\/04\/artista01.jpg\"><\/a>[\/et_pb_code][\/et_pb_column][et_pb_column type=&#8221;1_5&#8243; _builder_version=&#8221;4.13.0&#8243; _module_preset=&#8221;default&#8221; global_colors_info=&#8221;{}&#8221;][et_pb_code _builder_version=&#8221;4.13.0&#8243; _module_preset=&#8221;default&#8221; global_colors_info=&#8221;{}&#8221;]<a class=\"fancybox\" rel=\"portas\" href=\"https:\/\/portadafrente.pt\/procura-se-pintor-de-portas\/wp-content\/uploads\/2022\/04\/porta02.jpg\"><img src=\"https:\/\/portadafrente.pt\/procura-se-pintor-de-portas\/wp-content\/uploads\/2022\/04\/artista02.jpg\"><\/a>[\/et_pb_code][\/et_pb_column][et_pb_column type=&#8221;1_5&#8243; _builder_version=&#8221;4.13.0&#8243; _module_preset=&#8221;default&#8221; global_colors_info=&#8221;{}&#8221;][et_pb_code _builder_version=&#8221;4.13.0&#8243; _module_preset=&#8221;default&#8221; global_colors_info=&#8221;{}&#8221;]<a class=\"fancybox\" rel=\"portas\" href=\"https:\/\/portadafrente.pt\/procura-se-pintor-de-portas\/wp-content\/uploads\/2022\/04\/porta03.jpg\"><img src=\"https:\/\/portadafrente.pt\/procura-se-pintor-de-portas\/wp-content\/uploads\/2022\/04\/artista03.jpg\"><\/a>[\/et_pb_code][\/et_pb_column][et_pb_column type=&#8221;1_5&#8243; _builder_version=&#8221;4.13.0&#8243; _module_preset=&#8221;default&#8221; global_colors_info=&#8221;{}&#8221;][et_pb_code _builder_version=&#8221;4.13.0&#8243; _module_preset=&#8221;default&#8221; global_colors_info=&#8221;{}&#8221;]<a class=\"fancybox\" rel=\"portas\" href=\"https:\/\/portadafrente.pt\/procura-se-pintor-de-portas\/wp-content\/uploads\/2022\/04\/porta04.jpg\"><img src=\"https:\/\/portadafrente.pt\/procura-se-pintor-de-portas\/wp-content\/uploads\/2022\/04\/artista04.jpg\"><\/a>[\/et_pb_code][\/et_pb_column][et_pb_column type=&#8221;1_5&#8243; _builder_version=&#8221;4.13.0&#8243; _module_preset=&#8221;default&#8221; global_colors_info=&#8221;{}&#8221;][et_pb_code _builder_version=&#8221;4.13.0&#8243; _module_preset=&#8221;default&#8221; global_colors_info=&#8221;{}&#8221;]<a class=\"fancybox\" rel=\"portas\" href=\"https:\/\/portadafrente.pt\/procura-se-pintor-de-portas\/wp-content\/uploads\/2022\/04\/porta05.jpg\"><img src=\"https:\/\/portadafrente.pt\/procura-se-pintor-de-portas\/wp-content\/uploads\/2022\/04\/artista05.jpg\"><\/a>[\/et_pb_code][\/et_pb_column][\/et_pb_row][et_pb_row column_structure=&#8221;1_5,1_5,1_5,1_5,1_5&#8243; _builder_version=&#8221;4.13.0&#8243; _module_preset=&#8221;default&#8221; custom_padding=&#8221;0px||2em||false|false&#8221; global_colors_info=&#8221;{}&#8221; sticky_enabled=&#8221;0&#8243; use_custom_gutter=&#8221;on&#8221; gutter_width=&#8221;2&#8243; custom_padding_last_edited=&#8221;on|desktop&#8221; custom_padding_tablet=&#8221;0px||2em||false|false&#8221; custom_padding_phone=&#8221;0px||2em||false|false&#8221;][et_pb_column type=&#8221;1_5&#8243; _builder_version=&#8221;4.13.0&#8243; _module_preset=&#8221;default&#8221; global_colors_info=&#8221;{}&#8221;][et_pb_code _builder_version=&#8221;4.13.0&#8243; _module_preset=&#8221;default&#8221; global_colors_info=&#8221;{}&#8221;]<a class=\"fancybox\" rel=\"portas\" href=\"https:\/\/portadafrente.pt\/procura-se-pintor-de-portas\/wp-content\/uploads\/2022\/04\/porta06.jpg\"><img src=\"https:\/\/portadafrente.pt\/procura-se-pintor-de-portas\/wp-content\/uploads\/2022\/04\/artista06.jpg\"><\/a>[\/et_pb_code][\/et_pb_column][et_pb_column type=&#8221;1_5&#8243; _builder_version=&#8221;4.13.0&#8243; _module_preset=&#8221;default&#8221; global_colors_info=&#8221;{}&#8221;][et_pb_code _builder_version=&#8221;4.13.0&#8243; _module_preset=&#8221;default&#8221; global_colors_info=&#8221;{}&#8221;]<a class=\"fancybox\" rel=\"portas\" href=\"https:\/\/portadafrente.pt\/procura-se-pintor-de-portas\/wp-content\/uploads\/2022\/04\/porta07.jpg\"><img src=\"https:\/\/portadafrente.pt\/procura-se-pintor-de-portas\/wp-content\/uploads\/2022\/04\/artista07.jpg\"><\/a>[\/et_pb_code][\/et_pb_column][et_pb_column type=&#8221;1_5&#8243; _builder_version=&#8221;4.13.0&#8243; _module_preset=&#8221;default&#8221; global_colors_info=&#8221;{}&#8221;][et_pb_code _builder_version=&#8221;4.13.0&#8243; _module_preset=&#8221;default&#8221; global_colors_info=&#8221;{}&#8221;]<a class=\"fancybox\" rel=\"portas\" href=\"https:\/\/portadafrente.pt\/procura-se-pintor-de-portas\/wp-content\/uploads\/2022\/04\/porta08.jpg\"><img src=\"https:\/\/portadafrente.pt\/procura-se-pintor-de-portas\/wp-content\/uploads\/2022\/04\/artista08.jpg\"><\/a>[\/et_pb_code][\/et_pb_column][et_pb_column type=&#8221;1_5&#8243; _builder_version=&#8221;4.13.0&#8243; _module_preset=&#8221;default&#8221; global_colors_info=&#8221;{}&#8221;][et_pb_code _builder_version=&#8221;4.13.0&#8243; _module_preset=&#8221;default&#8221; global_colors_info=&#8221;{}&#8221;]<a class=\"fancybox\" rel=\"portas\" href=\"https:\/\/portadafrente.pt\/procura-se-pintor-de-portas\/wp-content\/uploads\/2022\/04\/porta09.jpg\"><img src=\"https:\/\/portadafrente.pt\/procura-se-pintor-de-portas\/wp-content\/uploads\/2022\/04\/artista09.jpg\"><\/a>[\/et_pb_code][\/et_pb_column][et_pb_column type=&#8221;1_5&#8243; _builder_version=&#8221;4.13.0&#8243; _module_preset=&#8221;default&#8221; global_colors_info=&#8221;{}&#8221;][et_pb_code _builder_version=&#8221;4.13.0&#8243; _module_preset=&#8221;default&#8221; global_colors_info=&#8221;{}&#8221;]<a class=\"fancybox\" rel=\"portas\" href=\"https:\/\/portadafrente.pt\/procura-se-pintor-de-portas\/wp-content\/uploads\/2022\/04\/porta10.jpg\"><img src=\"https:\/\/portadafrente.pt\/procura-se-pintor-de-portas\/wp-content\/uploads\/2022\/04\/artista10.jpg\"><\/a>[\/et_pb_code][\/et_pb_column][\/et_pb_row][et_pb_row column_structure=&#8221;1_5,1_5,1_5,1_5,1_5&#8243; _builder_version=&#8221;4.13.0&#8243; _module_preset=&#8221;default&#8221; custom_padding=&#8221;0px||2em||false|false&#8221; global_colors_info=&#8221;{}&#8221; sticky_enabled=&#8221;0&#8243; use_custom_gutter=&#8221;on&#8221; gutter_width=&#8221;2&#8243; custom_padding_last_edited=&#8221;on|desktop&#8221; custom_padding_tablet=&#8221;0px||2em||false|false&#8221; custom_padding_phone=&#8221;0px||2em||false|false&#8221;][et_pb_column type=&#8221;1_5&#8243; _builder_version=&#8221;4.13.0&#8243; _module_preset=&#8221;default&#8221; global_colors_info=&#8221;{}&#8221;][et_pb_code _builder_version=&#8221;4.13.0&#8243; _module_preset=&#8221;default&#8221; global_colors_info=&#8221;{}&#8221;]<a class=\"fancybox\" rel=\"portas\" href=\"https:\/\/portadafrente.pt\/procura-se-pintor-de-portas\/wp-content\/uploads\/2022\/04\/porta11.jpg\"><img src=\"https:\/\/portadafrente.pt\/procura-se-pintor-de-portas\/wp-content\/uploads\/2022\/04\/artista11.jpg\"><\/a>[\/et_pb_code][\/et_pb_column][et_pb_column type=&#8221;1_5&#8243; _builder_version=&#8221;4.13.0&#8243; _module_preset=&#8221;default&#8221; global_colors_info=&#8221;{}&#8221;][et_pb_code _builder_version=&#8221;4.13.0&#8243; _module_preset=&#8221;default&#8221; global_colors_info=&#8221;{}&#8221;]<a class=\"fancybox\" rel=\"portas\" href=\"https:\/\/portadafrente.pt\/procura-se-pintor-de-portas\/wp-content\/uploads\/2022\/04\/porta12.jpg\"><img src=\"https:\/\/portadafrente.pt\/procura-se-pintor-de-portas\/wp-content\/uploads\/2022\/04\/artista12.jpg\"><\/a>[\/et_pb_code][\/et_pb_column][et_pb_column type=&#8221;1_5&#8243; _builder_version=&#8221;4.13.0&#8243; _module_preset=&#8221;default&#8221; global_colors_info=&#8221;{}&#8221;][et_pb_code _builder_version=&#8221;4.13.0&#8243; _module_preset=&#8221;default&#8221; global_colors_info=&#8221;{}&#8221;]<a class=\"fancybox\" rel=\"portas\" href=\"https:\/\/portadafrente.pt\/procura-se-pintor-de-portas\/wp-content\/uploads\/2022\/04\/porta13.jpg\"><img src=\"https:\/\/portadafrente.pt\/procura-se-pintor-de-portas\/wp-content\/uploads\/2022\/04\/artista13.jpg\"><\/a>[\/et_pb_code][\/et_pb_column][et_pb_column type=&#8221;1_5&#8243; _builder_version=&#8221;4.13.0&#8243; _module_preset=&#8221;default&#8221; global_colors_info=&#8221;{}&#8221;][et_pb_code _builder_version=&#8221;4.13.0&#8243; _module_preset=&#8221;default&#8221; global_colors_info=&#8221;{}&#8221;]<a class=\"fancybox\" rel=\"portas\" href=\"https:\/\/portadafrente.pt\/procura-se-pintor-de-portas\/wp-content\/uploads\/2022\/04\/porta14.jpg\"><img src=\"https:\/\/portadafrente.pt\/procura-se-pintor-de-portas\/wp-content\/uploads\/2022\/04\/artista14.jpg\"><\/a>[\/et_pb_code][\/et_pb_column][et_pb_column type=&#8221;1_5&#8243; _builder_version=&#8221;4.13.0&#8243; _module_preset=&#8221;default&#8221; global_colors_info=&#8221;{}&#8221;][et_pb_code _builder_version=&#8221;4.13.0&#8243; _module_preset=&#8221;default&#8221; global_colors_info=&#8221;{}&#8221;]<a class=\"fancybox\" rel=\"portas\" href=\"https:\/\/portadafrente.pt\/procura-se-pintor-de-portas\/wp-content\/uploads\/2022\/04\/porta15.jpg\"><img src=\"https:\/\/portadafrente.pt\/procura-se-pintor-de-portas\/wp-content\/uploads\/2022\/04\/artista15.jpg\"><\/a>[\/et_pb_code][\/et_pb_column][\/et_pb_row][et_pb_row column_structure=&#8221;1_5,1_5,1_5,1_5,1_5&#8243; _builder_version=&#8221;4.13.0&#8243; _module_preset=&#8221;default&#8221; custom_padding=&#8221;0px||2em||false|false&#8221; global_colors_info=&#8221;{}&#8221; use_custom_gutter=&#8221;on&#8221; gutter_width=&#8221;2&#8243; custom_padding_last_edited=&#8221;on|desktop&#8221; custom_padding_tablet=&#8221;0px||2em||false|false&#8221; custom_padding_phone=&#8221;0px||2em||false|false&#8221;][et_pb_column type=&#8221;1_5&#8243; _builder_version=&#8221;4.13.0&#8243; _module_preset=&#8221;default&#8221; global_colors_info=&#8221;{}&#8221;][et_pb_code _builder_version=&#8221;4.13.0&#8243; _module_preset=&#8221;default&#8221; global_colors_info=&#8221;{}&#8221;]<a class=\"fancybox\" rel=\"portas\" href=\"https:\/\/portadafrente.pt\/procura-se-pintor-de-portas\/wp-content\/uploads\/2022\/04\/porta16.jpg\"><img src=\"https:\/\/portadafrente.pt\/procura-se-pintor-de-portas\/wp-content\/uploads\/2022\/04\/artista16.jpg\"><\/a>[\/et_pb_code][\/et_pb_column][et_pb_column type=&#8221;1_5&#8243; _builder_version=&#8221;4.13.0&#8243; _module_preset=&#8221;default&#8221; global_colors_info=&#8221;{}&#8221;][et_pb_code _builder_version=&#8221;4.13.0&#8243; _module_preset=&#8221;default&#8221; global_colors_info=&#8221;{}&#8221;]<a class=\"fancybox\" rel=\"portas\" href=\"https:\/\/portadafrente.pt\/procura-se-pintor-de-portas\/wp-content\/uploads\/2022\/04\/porta17.jpg\"><img src=\"https:\/\/portadafrente.pt\/procura-se-pintor-de-portas\/wp-content\/uploads\/2022\/04\/artista17.jpg\"><\/a>[\/et_pb_code][\/et_pb_column][et_pb_column type=&#8221;1_5&#8243; _builder_version=&#8221;4.13.0&#8243; _module_preset=&#8221;default&#8221; global_colors_info=&#8221;{}&#8221;][et_pb_code _builder_version=&#8221;4.13.0&#8243; _module_preset=&#8221;default&#8221; global_colors_info=&#8221;{}&#8221;]<a class=\"fancybox\" rel=\"portas\" href=\"https:\/\/portadafrente.pt\/procura-se-pintor-de-portas\/wp-content\/uploads\/2022\/04\/porta18.jpg\"><img src=\"https:\/\/portadafrente.pt\/procura-se-pintor-de-portas\/wp-content\/uploads\/2022\/04\/artista18.jpg\"><\/a>[\/et_pb_code][\/et_pb_column][et_pb_column type=&#8221;1_5&#8243; _builder_version=&#8221;4.13.0&#8243; _module_preset=&#8221;default&#8221; global_colors_info=&#8221;{}&#8221;][et_pb_code _builder_version=&#8221;4.13.0&#8243; _module_preset=&#8221;default&#8221; global_colors_info=&#8221;{}&#8221;]<a class=\"fancybox\" rel=\"portas\" href=\"https:\/\/portadafrente.pt\/procura-se-pintor-de-portas\/wp-content\/uploads\/2022\/04\/porta19.jpg\"><img src=\"https:\/\/portadafrente.pt\/procura-se-pintor-de-portas\/wp-content\/uploads\/2022\/04\/artista19.jpg\"><\/a>[\/et_pb_code][\/et_pb_column][et_pb_column type=&#8221;1_5&#8243; _builder_version=&#8221;4.13.0&#8243; _module_preset=&#8221;default&#8221; global_colors_info=&#8221;{}&#8221;][et_pb_code _builder_version=&#8221;4.13.0&#8243; _module_preset=&#8221;default&#8221; global_colors_info=&#8221;{}&#8221;]<a class=\"fancybox\" rel=\"portas\" href=\"https:\/\/portadafrente.pt\/procura-se-pintor-de-portas\/wp-content\/uploads\/2022\/04\/porta20.jpg\"><img src=\"https:\/\/portadafrente.pt\/procura-se-pintor-de-portas\/wp-content\/uploads\/2022\/04\/artista20.jpg\"><\/a>[\/et_pb_code][\/et_pb_column][\/et_pb_row][et_pb_row column_structure=&#8221;1_5,1_5,1_5,1_5,1_5&#8243; _builder_version=&#8221;4.13.0&#8243; _module_preset=&#8221;default&#8221; custom_padding=&#8221;0px||0px||false|false&#8221; global_colors_info=&#8221;{}&#8221; sticky_enabled=&#8221;0&#8243; use_custom_gutter=&#8221;on&#8221; gutter_width=&#8221;2&#8243; custom_padding_last_edited=&#8221;on|desktop&#8221; hover_enabled=&#8221;0&#8243; custom_padding_tablet=&#8221;0px||0px||false|false&#8221; custom_padding_phone=&#8221;0px||0px||false|false&#8221;][et_pb_column type=&#8221;1_5&#8243; _builder_version=&#8221;4.13.0&#8243; _module_preset=&#8221;default&#8221; global_colors_info=&#8221;{}&#8221;][et_pb_code _builder_version=&#8221;4.13.0&#8243; _module_preset=&#8221;default&#8221; global_colors_info=&#8221;{}&#8221; admin_label=&#8221;C\u00f3digo&#8221;]<a class=\"fancybox\" rel=\"portas\" href=\"https:\/\/portadafrente.pt\/procura-se-pintor-de-portas\/wp-content\/uploads\/2022\/04\/porta21.jpg\"><img src=\"https:\/\/portadafrente.pt\/procura-se-pintor-de-portas\/wp-content\/uploads\/2022\/04\/artista21.jpg\"><\/a>[\/et_pb_code][\/et_pb_column][et_pb_column type=&#8221;1_5&#8243; _builder_version=&#8221;4.13.0&#8243; _module_preset=&#8221;default&#8221; global_colors_info=&#8221;{}&#8221;][et_pb_code _builder_version=&#8221;4.13.0&#8243; _module_preset=&#8221;default&#8221; global_colors_info=&#8221;{}&#8221;]<a class=\"fancybox\" rel=\"portas\" href=\"https:\/\/portadafrente.pt\/procura-se-pintor-de-portas\/wp-content\/uploads\/2022\/04\/porta22.jpg\"><img src=\"https:\/\/portadafrente.pt\/procura-se-pintor-de-portas\/wp-content\/uploads\/2022\/04\/artista22.jpg\"><\/a>[\/et_pb_code][\/et_pb_column][et_pb_column type=&#8221;1_5&#8243; _builder_version=&#8221;4.13.0&#8243; _module_preset=&#8221;default&#8221; global_colors_info=&#8221;{}&#8221;][et_pb_code _builder_version=&#8221;4.13.0&#8243; _module_preset=&#8221;default&#8221; global_colors_info=&#8221;{}&#8221;]<a class=\"fancybox\" rel=\"portas\" href=\"https:\/\/portadafrente.pt\/procura-se-pintor-de-portas\/wp-content\/uploads\/2022\/04\/porta23.jpg\"><img src=\"https:\/\/portadafrente.pt\/procura-se-pintor-de-portas\/wp-content\/uploads\/2022\/04\/artista23.jpg\"><\/a>[\/et_pb_code][\/et_pb_column][et_pb_column type=&#8221;1_5&#8243; _builder_version=&#8221;4.13.0&#8243; _module_preset=&#8221;default&#8221; global_colors_info=&#8221;{}&#8221;][et_pb_code _builder_version=&#8221;4.13.0&#8243; _module_preset=&#8221;default&#8221; global_colors_info=&#8221;{}&#8221;]<a class=\"fancybox\" rel=\"portas\" href=\"https:\/\/portadafrente.pt\/procura-se-pintor-de-portas\/wp-content\/uploads\/2022\/04\/porta24.jpg\"><img src=\"https:\/\/portadafrente.pt\/procura-se-pintor-de-portas\/wp-content\/uploads\/2022\/04\/artista24.jpg\"><\/a>[\/et_pb_code][\/et_pb_column][et_pb_column type=&#8221;1_5&#8243; _builder_version=&#8221;4.13.0&#8243; _module_preset=&#8221;default&#8221; global_colors_info=&#8221;{}&#8221;][et_pb_code _builder_version=&#8221;4.13.0&#8243; _module_preset=&#8221;default&#8221; hover_enabled=&#8221;0&#8243; global_colors_info=&#8221;{}&#8221; admin_label=&#8221;C\u00f3digo&#8221; sticky_enabled=&#8221;0&#8243;]<a class=\"fancybox\" rel=\"portas\" href=\"https:\/\/portadafrente.pt\/procura-se-pintor-de-portas\/wp-content\/uploads\/2022\/04\/porta25.jpg\"><img src=\"https:\/\/portadafrente.pt\/procura-se-pintor-de-portas\/wp-content\/uploads\/2022\/04\/artista25.jpg\"><\/a>[\/et_pb_code][\/et_pb_column][\/et_pb_row][\/et_pb_section][et_pb_section fb_built=&#8221;1&#8243; _builder_version=&#8221;4.4.6&#8243; background_color=&#8221;#660724&#8243; custom_padding=&#8221;0px||0px|||&#8221; global_colors_info=&#8221;{}&#8221;][et_pb_row column_structure=&#8221;1_4,3_4&#8243; make_equal=&#8221;on&#8221; _builder_version=&#8221;4.4.6&#8243; global_colors_info=&#8221;{}&#8221;][et_pb_column type=&#8221;1_4&#8243; _builder_version=&#8221;4.4.6&#8243; global_colors_info=&#8221;{}&#8221;][et_pb_image src=&#8221;https:\/\/portadafrente.pt\/procura-se-pintor-de-portas\/wp-content\/uploads\/2021\/11\/Ativo-2.png&#8221; title_text=&#8221;Ativo 2&#8243; align=&#8221;center&#8221; _builder_version=&#8221;4.4.6&#8243; max_width=&#8221;80%&#8221; max_width_tablet=&#8221;200px&#8221; max_width_phone=&#8221;&#8221; max_width_last_edited=&#8221;on|desktop&#8221; custom_margin=&#8221;||22px|||&#8221; global_colors_info=&#8221;{}&#8221;][\/et_pb_image][et_pb_code _builder_version=&#8221;4.4.6&#8243; global_colors_info=&#8221;{}&#8221;]<\/p>\n<ul class=\"list-inline\"><!-- [et_pb_line_break_holder] -->                  <\/p>\n<li class=\"list-inline-item\"><a href=\"http:\/\/www.facebook.com\/portadafrente\" target=\"_blank\" class=\"text-white\" rel=\"noopener noreferrer\"><i class=\"fab fa-2x fa-facebook\"><\/i><\/a><\/li>\n<p><!-- [et_pb_line_break_holder] -->                  <\/p>\n<li class=\"list-inline-item\"><a href=\"https:\/\/www.instagram.com\/portadafrentechristies\/\" target=\"_blank\" class=\"text-white\" rel=\"noopener noreferrer\"><i class=\"fab fa-2x fa-instagram\"><\/i><\/a><\/li>\n<p><!-- [et_pb_line_break_holder] -->                  <\/p>\n<li class=\"list-inline-item\"><a href=\"https:\/\/www.linkedin.com\/company\/porta-da-frente-christie%27s\/\" target=\"_blank\" class=\"text-white\" rel=\"noopener noreferrer\"><i class=\"fab fa-2x fa-linkedin\"><\/i><\/a><\/li>\n<p><!-- [et_pb_line_break_holder] -->                  <\/p>\n<li class=\"list-inline-item\"><a href=\"https:\/\/www.youtube.com\/channel\/UCyxni2x557JaDk-b8XXpctA\/\" target=\"_blank\" class=\"text-white\" rel=\"noopener noreferrer\"><i class=\"fab fa-2x fa-youtube\"><\/i><\/a><\/li>\n<p><!-- [et_pb_line_break_holder] -->                <\/ul>\n<p>[\/et_pb_code][\/et_pb_column][et_pb_column type=&#8221;3_4&#8243; _builder_version=&#8221;4.4.6&#8243; global_colors_info=&#8221;{}&#8221;][et_pb_text module_class=&#8221;text-footer&#8221; _builder_version=&#8221;4.4.6&#8243; text_text_color=&#8221;#ffffff&#8221; text_font_size=&#8221;16px&#8221; text_font_size_tablet=&#8221;13px&#8221; text_font_size_phone=&#8221;&#8221; text_font_size_last_edited=&#8221;on|tablet&#8221; text_orientation_tablet=&#8221;center&#8221; text_orientation_phone=&#8221;&#8221; text_orientation_last_edited=&#8221;on|phone&#8221; global_colors_info=&#8221;{}&#8221;]<\/p>\n<p><span>A\u00a0<\/span><strong>Porta da Frente Christie\u2019s<\/strong><span>\u00a0\u00e9 uma empresa de media\u00e7\u00e3o imobili\u00e1ria que trabalha no mercado h\u00e1 mais de duas d\u00e9cadas, focando-se nos melhores im\u00f3veis e empreendimentos, quer para venda quer para arrendamento. A empresa foi selecionada pela prestigiada marca Christie\u2019s International Real Estate para representar Portugal, nas zonas de Lisboa, Cascais, Oeiras e Alentejo. A principal miss\u00e3o da\u00a0<\/span><strong>Porta da Frente Christie\u2019s<\/strong><span>\u00a0\u00e9 privilegiar um servi\u00e7o de excel\u00eancia a todos os nossos clientes.<\/span><\/p>\n<p>[\/et_pb_text][\/et_pb_column][\/et_pb_row][\/et_pb_section]<\/p>\n","protected":false},"excerpt":{"rendered":"<p>O concurso \u201c25 Portas para sonhar\u201d foi uma iniciativa organizada pela\u00a0Porta da Frente Christie\u2019s\u00a0em comemora\u00e7\u00e3o dos seus 25 anos, e que teve como objetivo principal dinamizar a arte e cultura da regi\u00e3o de Lisboa e promover artistas amadores de todas as idades. Conhe\u00e7a as portas vencedoras com os seus respetivos \u201cpintores\u201d. Clique em cada porta [&hellip;]<\/p>\n","protected":false},"author":1,"featured_media":0,"parent":0,"menu_order":0,"comment_status":"closed","ping_status":"closed","template":"","meta":{"_et_pb_use_builder":"on","_et_pb_old_content":"","_et_gb_content_width":""},"_links":{"self":[{"href":"https:\/\/portadafrente.pt\/procura-se-pintor-de-portas\/wp-json\/wp\/v2\/pages\/820"}],"collection":[{"href":"https:\/\/portadafrente.pt\/procura-se-pintor-de-portas\/wp-json\/wp\/v2\/pages"}],"about":[{"href":"https:\/\/portadafrente.pt\/procura-se-pintor-de-portas\/wp-json\/wp\/v2\/types\/page"}],"author":[{"embeddable":true,"href":"https:\/\/portadafrente.pt\/procura-se-pintor-de-portas\/wp-json\/wp\/v2\/users\/1"}],"replies":[{"embeddable":true,"href":"https:\/\/portadafrente.pt\/procura-se-pintor-de-portas\/wp-json\/wp\/v2\/comments?post=820"}],"version-history":[{"count":14,"href":"https:\/\/portadafrente.pt\/procura-se-pintor-de-portas\/wp-json\/wp\/v2\/pages\/820\/revisions"}],"predecessor-version":[{"id":1095,"href":"https:\/\/portadafrente.pt\/procura-se-pintor-de-portas\/wp-json\/wp\/v2\/pages\/820\/revisions\/1095"}],"wp:attachment":[{"href":"https:\/\/portadafrente.pt\/procura-se-pintor-de-portas\/wp-json\/wp\/v2\/media?parent=820"}],"curies":[{"name":"wp","href":"https:\/\/api.w.org\/{rel}","templated":true}]}}